-18). Suppose -4*t + 3*d - 4*d + 41 = 0, -3*d = 3*t - 24. Calculate the greatest common factor of t and g.
11
Let p be ((-6)/(-8) - (-897)/(-780)) + 610/25. Let a be (3 - (-3 + -3)) + -3. Calculate the highest common factor of p and a.
6
Let a = 14744 - 14624. What is the highest common divisor of a and 3900?
60
Suppose -3*i + 5*b = -327, 58*i - 2*b = 61*i - 285. What is the highest common factor of 333 and i?
9
Let u be (-7)/2 + 105/14. Suppose -q = q - 3*a - 52, -u = -2*a. What is the highest common divisor of 145 and q?
29
Let w be (-12)/20 - 123*(-2)/10. Let z(k) = -10*k - 2. Let t = -9 + 8. Let b be z(t). Calculate the highest common factor of b and w.
8
Suppose 5*p + 3*p = -5*p + 5915. What is the highest common divisor of p and 245?
35
Let a be 132/2*(-875)/375*96/(-7). Calculate the greatest common divisor of a and 561.
33
Let j(r) = 308*r + 2479. Let i be j(-8). Calculate the greatest common factor of i and 5505.
15
Let t = -93 - -81. Let d be 8/6*t/(-4). Suppose d*l - 18 = 202. What is the highest common factor of 5 and l?
5
Let s(b) = b**3 - 17*b**2 - 14*b - 38. Let p be s(17). Let t = 287 + p. What is the highest common divisor of 352 and t?
11
Let j(t) = 453*t + 10359. Let x be j(-15). What is the highest common factor of x and 132?
132
Suppose -10*l + 92 = 452. Let c be 5 - -4*(l/(-16) + 2). What is the greatest common divisor of c and 99?
11
Suppose -4*k = k - 5*o - 30, o = -4. Suppose 3*b - 24 = -2*w, k*w + 0*w - 5*b - 56 = 0. Let u = -26 - -32. Calculate the greatest common divisor of u and w.
6
Suppose -6 = 3*p, 1105*p - 1107*p = 2*k - 32626. What is the greatest common factor of k and 65?
65
Suppose 5*p + 2*b - 312 = 0, 0 = -2*p + 5*p + b - 187. Let g = -58 + p. Let x be 134/g - (-60)/(-40). Calculate the greatest common factor of 112 and x.
16
Suppose -5030*n + 810 = -5015*n. Let u(t) = t**2 + 4*t + 9. Let b be u(9). What is the highest common divisor of b and n?
18
Let t be (-12)/(-96)*-4 - 18/(-4). What is the highest common factor of t and 2084?
4
Let j = -2800 - -2805. What is the greatest common divisor of 2930 and j?
5
Let h be (70/(-4))/((-2)/4*1). Let o = h + 173. What is the highest common divisor of 26 and o?
26
Let h = 868 + -780. What is the highest common factor of h and 8536?
88
Suppose -10*c = 231 + 9. Let j be (-1152)/5*20/c*4. What is the greatest common factor of j and 48?
48
Let r be (-23454)/(-10) - ((-126)/(-90) - 2). Calculate the greatest common divisor of 578 and r.
34
Let q be (36/(-15))/((-3)/(-10)). Let u be 460/70 + q/14. Calculate the greatest common divisor of 192 and u.
6
Let n(q) = 2*q**3 - 4. Let t be n(3). Let r be ((-14)/(-21)*-15)/3*(2 + -8). Calculate the greatest common divisor of t and r.
10
Let t = 553 - 346. Suppose 6*k = -3*k + 621. What is the greatest common divisor of t and k?
69
Let h(g) = g**3 - 8*g**2 + 2*g - 2. Let t be h(11). Calculate the highest common factor of 2 and t.
1
Let u be (-11 - -4)/((-7 - 1)/104). Suppose t - 98 = -t - 4*p, 3*t + 2*p - 127 = 0. What is the greatest common factor of t and u?
13
Let m be 2/(-10) - (-12)/((-180)/(-1623)). Let h = 41 + -17. Calculate the highest common factor of h and m.
12
Let u be (-6)/3*21/(-6). Suppose 7 = -3*p + 52. Suppose -h + 64 = p. Calculate the highest common factor of h and u.
7
Suppose 2*n - 22 = -u - 2*n, 0 = -2*u - 4*n + 32. Let h be (u - (6 + -4)) + -2. Suppose 0 = -h*f - 129 + 525. What is the greatest common factor of 6 and f?
6
Suppose -4*y = -9*y - 5*i + 80, 3*y = 3*i + 96. Calculate the greatest common divisor of 7608 and y.
24
Let v(o) = 2*o**2 + 10*o + 28. Let g be v(-6). Suppose 27*h = g*h - 286. Calculate the highest common divisor of 33 and h.
11
Let a(v) = v**2 - 505*v - 17. Let y be a(-10). Calculate the highest common factor of y and 87.
87
Suppose 0 = 2*i - 3*k - 21422, -i + 3*k + 1259 = -9449. Calculate the greatest common factor of 88 and i.
22
Let f(a) = -6*a**2 - 255*a + 739. Let k be f(-43). Let h be 177/9 + 2/6. Calculate the greatest common divisor of h and k.
10
Let m(b) = -101*b - 8132. Let k be m(-81). Calculate the highest common factor of 1393 and k.
7
Let m = -597 + 762. Let l be (-1)/(-1*(-2)/2). Let w = l - -16. Calculate the highest common factor of m and w.
15
Let q(c) = -15*c + 97. Let u be q(5). Suppose -u*m + 12305 = m. What is the highest common divisor of m and 5?
5
Let g = -1725 + 5400. What is the highest common divisor of 10 and g?
5
Let c = 8184 + -8175. What is the highest common divisor of c and 3771?
9
Let j be 0/2 + 12/(-3). Let h = 18 + j. Let a(f) = -8*f + 204. Let z be a(22). Calculate the highest common factor of h and z.
14
Suppose 5 + 7 = 4*m. Let a = m - -2. Suppose -74*p - 39 + 200 = -209. Calculate the highest common factor of a and p.
5
Suppose 2*f - 7154 = -3*o, 2*f = 4*o - 0*f - 9562. What is the highest common divisor of o and 6?
6
Let p be (-1130)/(-42) + 20/210. Let w be 6/p + (-561)/(-27). What is the greatest common divisor of 168 and w?
21
Let w(s) = 2*s**2 + s - 2. Let q be w(-3). Let k(z) = -7*z - 60. Suppose 66 - 2 = -4*m. Let n be k(m). What is the highest common divisor of q and n?
13
Suppose -35*v + 270 = -26*v. Let x(z) = 7*z - 114. Let t be x(v). Calculate the greatest common factor of 64 and t.
32
Let r be -1*5*4/(-5). Let p(z) = z**2 - 3*z + 2. Suppose y = -m + 9, -3 - 9 = 2*m - 4*y. Let j be p(m). What is the greatest common divisor of r and j?
2
Suppose -3*s - 9 = 0, -r + 7262 = 4*r + 6*s. What is the greatest common factor of r and 112?
112
Suppose 4*r - 8*r + 36 = 0. Suppose 3*y - 42 = -3*a, -8*a - y = -9*a + 16. What is the highest common factor of r and a?
3
Suppose -16*p + 2522 + 32630 = 0. Calculate the highest common divisor of 13 and p.
13
Let s be 26/6*(-408)/(-34). Suppose s = 4*g + 8. Calculate the highest common factor of 4 and g.
1
Let g = 342 + -338. Let t(n) = 3*n**3 - 6*n**2 - 17*n + 9. Let f be t(g). Calculate the greatest common factor of f and 185.
37
Let p(u) = 6*u. Let x be p(4). Suppose 9042*k = 8988*k + 5832. Calculate the highest common factor of x and k.
12
Let r(q) = -q + 24. Let k be r(21). Suppose 41 - 4 = o - 2*w, -k*o + 99 = -3*w. Calculate the highest common divisor of o and 667.
29
Let l = -252 - -1374. Suppose 0 = 3*t - 4*g - l, -4*g = -2*t + 383 + 361. What is the greatest common divisor of t and 27?
27
Let h = 28 - 23. Suppose 200 = 14*v - 6*v. What is the greatest common factor of h and v?
5
Suppose -59847 = -89*m - 11787. Calculate the highest common factor of 756 and m.
108
Suppose -96*z + 1204 + 2636 = 0. Calculate the greatest common factor of z and 3710.
10
Suppose -6*j - 590 = -11*j. Let t = j + -1. What is the greatest common factor of t and 39?
39
Suppose 9*o + 32*o - 5779 = 6480. What is the greatest common divisor of 559 and o?
13
Let b = 11 + -7. Suppose 0 = -b*w + 100 - 48. What is the greatest common divisor of w and 26?
13
Let c be -6 + 18 + (-52 - -72). Calculate the greatest common divisor of c and 2528.
32
Suppose 0 = -3*f + 83 + 259. Suppose -8*w = -3*w - 15, w - 212 = -q. What is the highest common divisor of q and f?
19
Let i(v) = -2*v**3 + 20*v**2 - 14*v + 5. Let j be i(9). Suppose -j + 5662 = 7*k. What is the highest common divisor of 11 and k?
11
Let x be ((-243)/(-12))/(555/(-120) + 5). What is the greatest common factor of x and 2538?
54
Suppose x + 2*x + 44 = -5*j, 4*x + 64 = -4*j. Let l(w) = 2*w + 50. Let m be l(x). What is the greatest common factor of m and 7?
7
Let p = 26 + -22. Suppose 33 + 55 = p*l. Suppose 3*b - f - l = -2*b, 3*b = f + 14. Calculate the highest common divisor of 2 and b.
2
Let x(v) = -5*v - 5. Let o be x(7). Let q = o - -36. Let i be 1 + 14 + q + 0. Calculate the greatest common divisor of i and 88.
11
Suppose 0*a - 4*a + 70 = a. Suppose 8*t - 20 = 3*t. Suppose 2*o = -t*r - 6, 5*r + 10 = 3*o - a. What is the greatest common divisor of o and 12?
3
Let m = 8430 + -8330. Suppose -2*d - 250 = -p, 0*p - 790 = -3*p - 2*d. What is the highest common factor of m and p?
20
Let b be (-7676)/(-95) + (-2)/(-10). Let d be 9/(-15) - (-140)/25. Suppose l = d*m - 53 - 77, -m - l = -32. What is the highest common factor of b and m?
27
Suppose -21*a = -57*a + 4320. What is the highest common factor of a and 75?
15
Let g = -307 - -451. Let b = 15 + -11. Suppose -62 - 10 = -